Suppose 7*s - 366 = v. List the prime factors of s.
2, 43
Suppose -50*q = 165*q + 32*q - 10724246. What are the prime factors of q?
2, 17, 1277
Let n be 4 - -221 - (-1 + 3 + -6). Let x = n - 184. What are the prime factors of x?
3, 5
Suppose 49*t = 77*t - 76*t + 1844208. List the prime factors of t.
3, 1423
Suppose 2*o = 135*m - 137*m + 3452, -5*o = m - 8606. List the prime factors of o.
2, 5, 43
Suppose -3*u + 6665 = 4*v - 223496, 2*u + 2 = 0. What are the prime factors of v?
11, 5231
Let h(f) = f**3 + f**2 + 2*f - 4. Let n be h(-5). Let g be -2 - 2/((-1)/((-122)/4)). Let r = g - n. What are the prime factors of r?
3, 17
Let k = 360 - -53. Suppose 2*p - 573 = k. List the prime factors of p.
17, 29
Let n(u) = -u**2 - 27*u + 7. Let m be n(-27). Suppose -m = -b + 17. Suppose b*j = 29*j - 665. List the prime factors of j.
7, 19
Let t be (-3)/(-8) + 6606/48. Suppose 0 = -3*s - 2*m + 947, -2*s - 3*m = -485 - t. List the prime factors of s.
11, 29
Let k = 121 + 73. Let a = 283 + k. List the prime factors of a.
3, 53
Let z = -250 - -186. Let u = 358 + z. What are the prime factors of u?
2, 3, 7
Let m(f) = 10*f + 60. Let v be 2*42/6 - -1. List the prime factors of m(v).
2, 3, 5, 7
Let n = -2227 - -1560. Let u = -530 - n. List the prime factors of u.
137
List the prime factors of (-119)/((-20)/(6939 - -21)).
2, 3, 7, 17, 29
Let v(c) = c**2 + 25*c + 8. Let t(u) = 6*u**2 - 1. Let z(k) = t(k) - v(k). List the prime factors of z(7).
61
Suppose -216 + 54 = -9*d. Suppose d*y + 100 = 17*y. Let s = -64 - y. What are the prime factors of s?
2, 3
Let q(n) = -n**2 - 7*n - 5. Let c be q(-3). Let b = c - 5. Suppose -5*i + 295 = 5*u, -2*u + b*i = -5*u + 173. What are the prime factors of u?
5, 11
Let g(u) = -u**3 + 9*u**2 + 9*u - 11. Let k be g(9). Let m = -96 - -107. Suppose k = 13*p - m*p. List the prime factors of p.
5, 7
Let s(j) be the third derivative of -j**6/120 - j**5/30 - j**4/8 + 5*j**3/3 + 43*j**2. Let t be s(-10). Suppose 33*z = 36*z - t. List the prime factors of z.
2, 5, 7
Suppose 283*t - 281*t = -5*x + 40784, -2*t = -x - 40772. List the prime factors of t.
19, 29, 37
Suppose -2*u - 3*h = -1096, -5*u + 2*h + 1763 + 939 = 0. What are the prime factors of u?
2, 271
Suppose 498 = f - 2623. List the prime factors of f.
3121
Let q = 225 - 209. Suppose -10*j = -q*j + 1944. What are the prime factors of j?
2, 3
Let j(p) = 1057*p**2 - 3*p - 3. Let g be 30/(-20)*(-2)/(-6)*2. What are the prime factors of j(g)?
7, 151
Let m = -39844 + 63815. List the prime factors of m.
23971
Suppose 60 = -6*f - 0*f. What are the prime factors of (2955/f)/(18/(-24))?
2, 197
Let i(a) be the first derivative of a**3 + 21*a**2/2 + 2*a - 75. What are the prime factors of i(-16)?
2, 7, 31
Suppose 3*v = -5*d + 540, 2 = -4*d - 10. Suppose -8 + v = o - s, -4*o = -5*s - 707. List the prime factors of o.
2, 89
Suppose 0 = 5*m - 91 - 119. Suppose 49*j = m*j + 8519. What are the prime factors of j?
1217
Suppose 0*f + 3*f - 9 = 0. Suppose -l + 42 = l + f*d, 5*d - 110 = -5*l. What are the prime factors of 533/6 - (-4)/l?
89
Let g be -1*-122*(-2)/4. Let t be (-8883)/(-54) - (-3)/(-2). Let l = t + g. List the prime factors of l.
2, 3, 17
Let d be 8/(-12) + 55/15. Suppose -4*q = -h + 124 + 98, 0 = 3*h - d*q - 630. Suppose -118 = -4*t + h. What are the prime factors of t?
3
Let c(n) = 877*n**3 + 6*n**2 - 6*n + 2. Let j = 421 + -420. List the prime factors of c(j).
3, 293
Let z(v) = v**3 - 5*v**2 - 15*v + 9. Let j be z(7). Let i(t) = 163*t - 47. What are the prime factors of i(j)?
3, 31
List the prime factors of 9010 - (3 - (-65)/5).
2, 3, 1499
Let d(r) = 7*r + 36. Let s be d(-5). List the prime factors of (32 + s + -1)*(-4 - -23).
2, 19
Let t be ((-58)/(-5))/((-3)/(-10 + -5)). Let d = -61 + t. List the prime factors of 8*(1 + d - (-20)/8).
2
List the prime factors of (-211 + 1)/(156/(-7410)).
3, 5, 7, 19
Let o(j) = 190*j**2 + 2*j - 16 - 2*j**3 + 3*j - 192*j**2. What are the prime factors of o(-7)?
3, 179
Let k = 3409 + -1136. List the prime factors of k.
2273
Suppose 6958747 = 323*x - 578*x + 18201187. What are the prime factors of x?
2, 3, 11, 167
Let o(t) = -t**3 + 7*t**2 - t + 5. Let b be o(6). Suppose -b = -f + 8*f. Let x(m) = 3*m**2 + m - 12. List the prime factors of x(f).
2, 29
Let s(b) = -b**3 - 17*b**2 - 20*b - 44. Let h be s(-16). Suppose -6*x + 4*x = 2*n - 1002, 4*x = -h. List the prime factors of n.
2, 11, 23
Suppose -4*i + 5*w = 30, 23*w - 2 = 22*w. List the prime factors of 633*12/(-90)*i.
2, 211
Suppose -4*k + 6 = -14. Suppose -5*b = -3*h + 3755, 4*h - 3431 - 1529 = -k*b. List the prime factors of h.
3, 5, 83
Suppose 3*v = -5*r + 14589, -5*v + 7*r = 3*r - 24278. Suppose -14*b + v = -0*b. What are the prime factors of b?
347
Suppose 67*r + 62*r + 176052 = 146*r. What are the prime factors of r?
2, 3, 863
Suppose 0 = 2*u + 34 + 14. Let y(p) = p**3 + 26*p**2 + 8*p + 29. Let n be y(u). Suppose n = 7*t + 37. List the prime factors of t.
2, 17
Let x(i) = 2*i**3 - 11*i**2 + 70*i - 6. What are the prime factors of x(8)?
2, 19, 23
Suppose 2860 = -4*v - 5*i, -2*v + 696 - 2128 = 3*i. Let u = 244 - v. What are the prime factors of u?
2, 3, 53
Let p(g) = g + 13. Let q be p(-4). Suppose 0 = 9*o - 6*o - q. Suppose -4*h = o*y - 427, -426 = 4*h - 8*h - 2*y. List the prime factors of h.
2, 53
Suppose -16*f - 3550 = -11758. Let b = f - -175. List the prime factors of b.
2, 43
Let b(l) = -82*l - 683. List the prime factors of b(-13).
383
Let c = 29 + -87. Let a = c + 258. Let p = 395 - a. List the prime factors of p.
3, 5, 13
Let i be 6/(-8) + (-39)/12. Let w(q) = 7*q**2 + 11*q + 27. What are the prime factors of w(i)?
5, 19
Suppose -20*z = 9*z - 331158 + 63546. What are the prime factors of z?
2, 3, 769
Suppose -1234 = -49*o + 48*o. Let f = o + -305. What are the prime factors of f?
929
Let h = -2297 - -3418. List the prime factors of h.
19, 59
Let z(l) = 99*l**2 + 430*l + 2611. List the prime factors of z(-6).
5, 719
Let z be (-556)/(-8) - (84/(-8))/7. Suppose z = 2*w - 111. Suppose k - w = -23. List the prime factors of k.
2, 17
Suppose 3*l + 4*i - 28504 = 0, -9*i + 11*i = -2*l + 19000. What are the prime factors of l?
2, 1187
Let h(d) = 5*d**3 + 140*d**2 + 35*d + 68. Let n be h(-28). Let i = n - -1544. What are the prime factors of i?
2, 79
Let z(a) = -2086*a + 546. What are the prime factors of z(-7)?
2, 7, 541
Suppose -3*h - 5*a = -23 - 29, h + 3*a - 24 = 0. Let n be (-3)/5 + h/15. Suppose -4*s = l - 138, 3*s + 3 = -n*s. What are the prime factors of l?
2, 71
Let l = -10362 - -16278. What are the prime factors of l?
2, 3, 17, 29
Suppose 2*f - 23146 = -4*u, -2*f - 19556 - 3602 = -4*u. List the prime factors of u.
2, 1447
Let g(x) = -x**3 + 14*x**2 + 16*x - 13. Let v be g(15). What are the prime factors of 8/v - (0 + 1)?
3
Let v = -39552 + 102982. What are the prime factors of v?
2, 5, 6343
Let y = 3832 - 2690. Suppose y - 3442 = 10*q. Let u = -89 - q. What are the prime factors of u?
3, 47
Suppose -2*j = -5*l + 16 - 39, 0 = 3*l + 4*j - 7. Let t(u) = 8*u**2 - 4*u + 6. Let x be t(5). List the prime factors of x/(-4)*(l + 1).
3, 31
Let s(p) = 175*p**2 + 27*p + 73. Suppose 0 = -b - 2, -4*a + 12 - 28 = 2*b. List the prime factors of s(a).
1567
What are the prime factors of ((-15476)/12)/(((-40)/(-5))/(-24))?
53, 73
Suppose 9*i - 4*i = 710. Let q = i + -142. Suppose -2*k - s - s + 450 = q, 5*s = -k + 229. What are the prime factors of k?
2, 7
Let g = -22 + 107. Suppose 59 = 2*k - g. Suppose -k*z + 69*z = -618. List the prime factors of z.
2, 103
Let v(r) = 6*r**2 + 9*r + 21. Let c be v(-4). Suppose -p - c = a, 7*a = 3*a + 5*p - 288. Let t = -46 - a. List the prime factors of t.
31
Let r be (0/5)/(-1 - (-1 + -1)). Suppose -2*k + 4*u = -734, r = -6*k + 5*k + 5*u + 352. What are the prime factors of k?
13, 29
Let h(g) = -g**2 - 9*g - 2. Let b be h(-5). Suppose 5*d = b*d - 325. What are the prime factors of d?
5
Let d(j) = 137*j**2 + 73*j - 172. List the prime factors of d(12).
2, 1277
Let m be (1 - (-10)/6)/((-1)/18). Let o = m + 50. Suppose -2*w + 167 = -p, -o*w = w + p - 238. List the prime factors of w.
3
Let u = 165 + 27. Suppose 846 = 4*h + 2*g + u, -5 = -g. List the prime factors of h.
7, 23
Let c(g) = -g**3 + 28*g**2 - 97*g + 27. Let j be c(24). Suppose 2*o - 3*n - 1268 = 0, j*o + 5*n = -0*n 